hat is -231782 (base 9) in base 13?
-4b44c
Convert b3824 (base 14) to base 7.
3450444
What is -5178748 (base 10) in base 11?
-2a17963
Convert 24410404 (base 5) to base 2.
111000101000101011
What is 200322020300 (base 4) in base 13?
1a307a1
Convert -2140251 (base 12) to base 16.
-60315d
Convert -2718a (base 16) to base 6.
-3233214
Convert -110101000110010001100 (base 2) to base 16.
-1a8c8c
2503444 (base 7) to base 15
64eca
12021210102122 (base 3) to base 12
b36615
Convert -358851 (base 9) to base 5.
-23411403
Convert -121141303 (base 5) to base 10.
-568328
What is 10521150 (base 6) in base 4?
1032202122
Convert 1002102101 (base 3) to base 9.
32371
What is 215aa (base 15) in base 14?
2a850
What is 113210131 (base 4) in base 2?
10111100100011101
Convert -422222431 (base 5) to base 15.
-24acb1
Convert -1101000110000001 (base 2) to base 15.
-10d58
42312014 (base 5) to base 2
1010110011011011001
Convert -1101021220 (base 3) to base 2.
-110101000110010
Convert 1034614 (base 9) to base 8.
2073053
-1119907 (base 10) to base 5
-241314112
What is 63c295 (base 14) in base 7?
40456345
What is 43666e (base 15) in base 11?
18a3593
-12122112212 (base 3) to base 6
-2214505
What is -1035503 (base 6) in base 8?
-145137
What is -39549b (base 12) in base 16?
-e6177
Convert 1c46945 (base 13) to base 2.
100011111001101100000001
-21011212212002 (base 3) to base 12
-1340555
What is 11010110001110110 (base 2) in base 6?
2203450
Convert -1202011110122 (base 3) to base 5.
-214201413
3fbfa5 (base 16) to base 3
21212020220102
41106 (base 13) to base 2
11100011110001000
Convert -101211313113 (base 4) to base 5.
-2140032133
-2a894a (base 12) to base 4
-2233311022
Convert -2c9292 (base 13) to base 7.
-12253113
What is 1000101111011111011111 (base 2) in base 16?
22f7df
Convert -101404431 (base 5) to base 9.
-708232
8c9ab (base 13) to base 3
111000212112
Convert 2f33a1 (base 16) to base 3.
12211011100201
Convert -212102034 (base 5) to base 16.
-da443
Convert -10200121120 (base 3) to base 15.
-167b3
-1112200331 (base 4) to base 15
-6eee5
Convert -31016 (base 12) to base 14.
-19442
Convert -200031112 (base 4) to base 7.
-1056424
Convert -1884233 (base 13) to base 9.
-16105615
Convert 4845405 (base 11) to base 14.
1199d0c
21201222002 (base 3) to base 5
14333321
What is -422056 (base 7) in base 14?
-1c72d
What is 226235 (base 8) in base 5?
4430312
Convert -2227c4 (base 14) to base 13.
-317a03
Convert -4404221 (base 5) to base 7.
-433203
What is 30053355 (base 6) in base 13?
23873c
231232014 (base 5) to base 16
fdd12
What is 5bde8c (base 16) in base 11?
3442528
-10312120240 (base 5) to base 8
-52120470
What is 109281 (base 13) in base 15?
7b009
2110020200022 (base 3) to base 16
13e58a
What is 5357350 (base 8) in base 6?
50415424
What is 187a4 (base 12) in base 5?
2120232
Convert -baca (base 15) to base 14.
-105c1
1443124412 (base 5) to base 9
7263301
What is -305555025 (base 7) in base 10?
-17980422
Convert -232130210 (base 4) to base 11.
-11aa2a
Convert 152052533 (base 6) to base 11.
1881a76
What is 551c (base 16) in base 6?
244512
What is -70224 (base 9) in base 5?
-2433421
What is -1871338 (base 11) in base 10?
-3164191
Convert 10101101010010000010101 (base 2) to base 16.
56a415
Convert 5033401 (base 6) to base 8.
720611
c4a41b (base 15) to base 14
1355460
Convert -1100100111001011001011 (base 2) to base 11.
-1958a95
What is 11120441 (base 6) in base 14?
8ac09
Convert -12289554 (base 10) to base 3.
-212010101002200
Convert 11120002211 (base 3) to base 2.
10101111010001111
What is 126bb (base 12) in base 4?
12021233
Convert 2585740 (base 9) to base 13.
3a6cc8
What is -10a00 (base 16) in base 14?
-1ab60
860785 (base 10) to base 2
11010010001001110001
Convert -20811b6 (base 13) to base 15.
-d03b9b
-2001313130 (base 5) to base 2
-1111000000000010000010
490a89 (base 12) to base 3
2020010110020
-1101100011100010110111 (base 2) to base 16
-3638b7
Convert 43522 (base 6) to base 9.
8235
110010010000101 (base 2) to base 16
6485
-223203220 (base 6) to base 13
-ac8c6c
What is -252211 (base 9) in base 7?
-1203463
Convert -9cda (base 15) to base 12.
-17314
What is -24651537 (base 8) in base 2?
-10100110101001101011111
Convert -14431431 (base 5) to base 4.
-211321221
What is -11202422 (base 5) in base 7?
-565413
Convert -313506 (base 7) to base 5.
-3212402
Convert -21404533 (base 6) to base 12.
-269749
Convert 1021120021212 (base 3) to base 12.
289895
Convert 13aa627 (base 11) to base 6.
123433233
Convert 12102121020 (base 3) to base 4.
122011320
Convert 1010110110010001101101 (base 2) to base 7.
33112560
What is -212200002101 (base 3) in base 16?
-71be7
-4f45d (base 16) to base 10
-324701
Convert 1d595 (base 14) to base 5.
4401244
What is 136bc3 (base 13) in base 15?
94d86
-1275418 (base 10) to base 15
-1a2d7d
What is 1801162 (base 9) in base 13?
2923c7
10010210121 (base 3) to base 14
18759
Convert 21017006 (base 9) to base 10.
10109049
Convert 2233414 (base 5) to base 8.
115663
22113122102 (base 4) to base 13
741ab5
What is 16154025 (base 7) in base 14?
2c854c
11302133321 (base 4) to base 16
1727f9
Convert 11262 (base 13) to base 10.
31176
-1184a4 (base 11) to base 2
-101101101000111010
-184de (base 16) to base 10
-99550
Convert -14024103 (base 6) to base 11.
-2a1183
-638841 (base 10) to base 16
-9bf79
Convert -c9866 (base 13) to base 9.
-614208
Convert -2030431013 (base 5) to base 9.
-7732684
Convert -74aa4 (base 13) to base 2.
-110011011001101011
What is 3023034341 (base 5) in base 4?
113020231023
Convert -976a0 (base 14) to base 7.
-3053560
What is -202313331203 (base 4) in base 15?
-c08b95
10010001011100101 (base 2) to base 13
27b85
Convert -21cd02 (base 14) to base 9.
-2141778
Convert -736c76 (base 13) to base 15.
-38502b
Convert -203012031 (base 4) to base 3.
-21022012100
Convert -3c2460 (base 14) to base 2.
-111111100000000110100
Convert -51627 (base 11) to base 12.
-376a3
-35676 (base 14) to base 4
-133303020
-118501 (base 11) to base 5
-21440241
Convert -20310244 (base 5) to base 4.
-220212310
What is -820810 (base 10) in base 13?
-2297b3
Convert -3450887 (base 9) to base 11.
-1063542
Convert -1100110210011 (base 3) to base 16.
-af453
Convert 1083553 (base 14) to base 5.
4002034044
What is 4ab5b (base 15) in base 13?
84911
-22302002 (base 6) to base 7
-5516414
7387047 (base 9) to base 13
a86178
What is 908399 (base 13) in base 3?
20022200211202
2543b3a (base 13) to base 11
6625a07
What is 3312100001 (base 4) in base 12?
407855
What is -2122112120201 (base 3) in base 6?
-50103031
-10212202101 (base 3) to base 7
-435433
Convert 132224202 (base 5) to base 6.
22123250
497609 (base 11) to base 10
786025
Convert -284337 (base 9) to base 5.
-21030104
What is 145909 (base 14) in base 7?
6003112
Convert -2102001020022 (base 3) to base 15.
-1a452e
1acb730 (base 13) to base 3
121202120021202
Convert 4b7b4 (base 12) to base 6.
2113144
What is -10358141 (base 9) in base 8?
-23043327
Convert -346065 (base 12) to base 8.
-3150315
1200022012002 (base 3) to base 5
212013304
Convert 92c2 (base 15) to base 8.
74437
Convert 4315040 (base 6) to base 2.
110011110110000000
What is -26386144 (base 9) in base 5?
-11311114324
24223 (base 16) to base 4
210020203
Convert -29320 (base 12) to base 7.
-326403
What is -1c5b (base 16) in base 9?
-10855
What is 306020 (base 8) in base 14?
28d44
Convert 202134124 (base 5) to base 7.
6644645
Convert -425413 (base 15) to base 12.
-1082853
Convert -4e457 (base 15) to base 13.
-8a181
-3028c0 (base 14) to base 4
-12023223120
What is -21201201000 (base 3) in base 16?
-25251
What is -1411242331 (base 5) in base 12?
-126602a
What is 321636 (base 7) in base 6?
1110423
Convert 1d627 (base 14) to base 7.
432350
1221012102002 (base 3) to base 5
230334320
13100311 (base 5) to base 9
214771
Convert -550c0 (base 13) to base 5.
-14411241
1378b (base 12) to base 6
325055
Convert 3c218 (base 16) to base 2.
111100001000011000
What is -37e3d9 (base 16) in base 11?
-2081a17
Convert 26460211 (base 9) to base 15.
1225c7d
-21450413 (base 7) to base 10
-1844174
-137314 (base 12) to base 15
-65d24
Convert 3b2f8f (base 16) to base 3.
21022001201020
Convert -207837 (base 9) to base 13.
-44506
Convert 2001200000202 (base 3) to base 7.
12212324
What is -1377144 (base 10) in base 6?
-45303400
